ded by 15?
14
Let z = -4 - -6. Let d be z - 1*(-47 + 0). Let j = d + -3. Calculate the remainder when j is divided by 16.
14
Let g(x) = x**3 + 24*x**2 - 53*x - 21. Calculate the remainder when 13 is divided by g(-26).
3
Suppose 4*a = -l + 14, -l - 2*l = -a - 3. Let p(c) = c**2 + 2*c. What is the remainder when 59*3*(-2)/(-6) is divided by p(a)?
14
Let r(w) = 5*w**3 - 7*w**2 + 18*w + 2. Let q(i) = -2*i**3 + 2*i**2 - 6*i - 1. Let b(u) = -8*q(u) - 3*r(u). What is the remainder when b(-6) is divided by 2?
0
Let c = -2 + 4. Suppose c*q - 13 = q. Suppose -4*y = -4*b, 0*b - 4*b - 3*y = -35. What is the remainder when q is divided by b?
3
Suppose 0 = -6*g + 137 + 295. Calculate the remainder when g is divided by 19.
15
Let u = 8 - 5. Let l(w) = 2*w + u - 3*w + 4. What is the remainder when l(0) is divided by 3?
1
Suppose -4*d = -0*d - 2*x + 36, -x = 0. Let p = -1 - d. Let f = 50 + -28. Calculate the remainder when f is divided by p.
6
Suppose -52 = -3*g - 2*d, -5*g = -g - 4*d - 56. Suppose -4*h = -2*h - 30. Calculate the remainder when g is divided by (-1)/(-5) - (-132)/h.
7
Suppose 6*d = d + 10. Let m be -1 + d - (27 - -3). Let f = m - -55. What is the remainder when f is divided by 9?
8
Let o(k) = -2*k + 8. What is the remainder when 31 is divided by o(0)?
7
Let r(p) = 10*p - 3 + 0*p + 1 - 3. Calculate the remainder when r(6) is divided by 28.
27
Let k(w) = -5*w**3 + w**2 + w + 1. Suppose 2*q - 3 = -d - 0, -5*q = 4*d - 6. Suppose 4 = x - 6. What is the remainder when x is divided by k(d)?
4
Let m = -3 + 5. Suppose -3*k - 8*k = 0. Suppose m*w + k*w - 20 = 0. Calculate the remainder when w is divided by 3.
1
Suppose 3*p - 5*p = 0. Suppose -j = -p*j - 23. Calculate the remainder when j is divided by (12/(-18))/(2/(-36)).
11
Suppose 5*j = 7 + 13. Suppose q - j = -1. What is the remainder when 4 is divided by q?
1
Suppose 0 = -6*d + 11*d - 100. Calculate the remainder when d is divided by 11.
9
Suppose 125 = 2*m + 23. Suppose -3*p - m = -6*p. What is the remainder when p is divided by 5?
2
Let o = -29 - -52. Calculate the remainder when 44 is divided by o.
21
Let u(w) = -6*w. Let s(t) = 3*t + 2. What is the remainder when u(-5) is divided by s(2)?
6
Suppose -2*o = -6, 6*s = 4*s + 2*o + 2. Suppose 1 = s*a - 15. What is the remainder when 10 is divided by a?
2
Suppose 0*b - 2*b = -8. Suppose -a + 138 = -4*q, -q - 3*a = -0*a + 41. Let p = q - -49. Calculate the remainder when p is divided by b.
2
Suppose -4*t + 130 = -110. Suppose -5*p + 15 = -t. What is the remainder when (-2)/(-4) - 261/(-6) is divided by p?
14
Let v(z) = z**2 + 8*z - 16. Calculate the remainder when 67 is divided by v(-11).
16
Suppose 5*n = 5*f - 385, -5*n = 5*f - 0*n - 425. Calculate the remainder when f is divided by 14/(-1 + 15/9).
18
Suppose 0*y - 15 = -3*y. Suppose -12 = -3*t - 3*w - 0, y*w - 10 = 0. Suppose 0 = -2*u - 2 - 4, 5*a + t*u = 59. Calculate the remainder when 38 is divided by a.
12
Let y(a) = a - 1. Let k be 3 + 12/3 + -1. Suppose -5*i + 4*t = -60, 5*t + 1 + 0 = -3*i. Calculate the remainder when i is divided by y(k).
3
Suppose 0 = -5*g + 112 + 203. What is the remainder when g is divided by 16?
15
Suppose -r + 4*c + 56 = 0, 0*r + 5*r + c - 175 = 0. What is the remainder when r is divided by 20?
16
Let i(h) = -h**3 + 6*h**2 + 4*h - 2. Suppose 512 = 13*c - 47. What is the remainder when c is divided by i(6)?
21
Suppose 0*a + 24 = 2*a - 3*g, 3*a = -3*g + 6. Suppose o = -5*s + 2*s + 11, 4*o = 2*s - 12. Calculate the remainder when a is divided by s.
2
Let y(r) = 2*r**2 - r - 3. Let b be y(2). Suppose 2*s - 4*q - 142 = 0, -b*s + 3*q + 207 = -0*s. Calculate the remainder when s is divided by 23.
21
Suppose 18*k = 225 + 747. What is the remainder when k is divided by 7?
5
Suppose -5*i + x + 237 = -90, -3*i + 2*x + 192 = 0. What is the remainder when i is divided by 14?
10
Let y = -16 + 52. Suppose -4*b = 4*l - y, -3 = -b - b + l. What is the remainder when 28 is divided by -2 + (b - 1) + 14?
13
Let r(x) = -109*x**3 - x**2 - x. Let t be r(-1). Suppose 3*h = 2*s - t, -2*s + 4*h + 255 = 3*s. Let k = 9 + 7. What is the remainder when s is divided by k?
15
Suppose d + 0*r + 2*r - 9 = 0, 5*r + 2 = d. Let b be -1*-6*(-2)/(-4). Suppose 35 + 4 = b*v. Calculate the remainder when v is divided by d.
6
Suppose 0 = 5*s - c - 13, 5*c = -2*s - 0*s - 11. Calculate the remainder when s is divided by -2 + (1 - -2 - -1).
0
Let r(p) = p**3 - 6*p**2 + 8*p - 3. Let k be r(5). Let l = -7 + k. Suppose 0 = 5*o - 15 + 5. What is the remainder when l is divided by o?
1
Let t = 7 + -5. Suppose -4*j = -4*l + 32, t*l - j - 10 = 4*j. Calculate the remainder when 18 is divided by l.
8
Suppose -4*h = -1 - 19. Suppose -15 = -h*o, f + 0*o = -4*o + 89. Suppose f + 23 = 5*y. Calculate the remainder when 58 is divided by y.
18
Let b be 8/(-3)*99/(-6). Suppose -5*o + b = -o. What is the remainder when 41 is divided by o?
8
Let a(t) = -44*t**3 + t**2 + t + 1. Let o be a(-1). Suppose -2*q + o = q. What is the remainder when (-29)/(1 + -2) + -2 is divided by q?
12
Let l(c) = c**2 + c + 5. Suppose 0 = 4*g - g - 21. What is the remainder when l(g) is divided by 16?
13
Let b(t) be the second derivative of t**4/12 + 5*t**3/3 + 11*t**2/2 + 4*t. Suppose 0*f - 10 = -5*f. What is the remainder when f is divided by b(-9)?
0
Let g(a) = -6*a - 16. Let i = -3 + 5. What is the remainder when g(-3) is divided by i?
0
Suppose 3*f = -2*f - 2*h - 472, 2*f + 183 = 5*h. Let y = f + 137. What is the remainder when y is divided by 86/6 + 2/3?
13
Suppose 3*w = 3*u - 30, -2*u - 2*w = -w - 5. Suppose -4*r - u*k - 22 = -63, -5*k = -3*r + 22. Calculate the remainder when r is divided by 3.
0
Let a = 137 + -67. Calculate the remainder when a is divided by 1 - -21 - (1 + -3).
22
Let s be (-1)/1 - (-1 - -166). Let m = -38 - s. Suppose 0 = v + 2*t - 20, 4*v + v - 4*t = m. Calculate the remainder when v is divided by 13.
11
Let a = -11 - -7. What is the remainder when 11 + (-1 - -1)/1 is divided by (-12)/(a*1/2)?
5
Let i = 14 + 9. What is the remainder when i is divided by 2/((-16)/(-4)) + 23/2?
11
Suppose 4 - 2 = k. Suppose -7*p = -2*p - 5*g - 40, 0 = g - k. Calculate the remainder when p is divided by 6.
4
Let l = 17 + -25. Calculate the remainder when 2/l + 1287/12 is divided by 36.
35
Let m(u) = -u + 16. Let n be (-1 - 1)/((-8)/84). Suppose -2*z + 5 + n = 0. Calculate the remainder when z is divided by m(9).
6
Let u = 4 + -1. Suppose -y = -5*k + 17, -2 + u = k + y. What is the remainder when 5 is divided by k?
2
Let g = -111 + 121. Calculate the remainder when 37 is divided by g.
7
Let a(f) = -3*f + 5. Calculate the remainder when 61 is divided by a(-4).
10
Suppose 62 = 5*t - 2*b, -5*t + 59 = -0*t + b. What is the remainder when 15 is divided by t?
3
Let t = 5 - -7. Suppose -3*u + u = 4*c - 24, -3*c - 3*u = -24. Suppose -5*n = -v - 3*v - 28, -t = -n + c*v. Calculate the remainder when 10 is divided by n.
2
Let n = 84 - 26. What is the remainder when ((0 + n)/2)/1 is divided by 15?
14
Suppose 5*u = -4*k + 3*u + 28, 0 = 5*u + 10. Let v be 0 + -21 + (-1 - -1). Let c = v + 44. Calculate the remainder when c is divided by k.
7
Let a be 2/(3 + -5 - -3). Calculate the remainder when 9 is divided by ((-12)/(-8))/(1/a).
0
Let h = 14 + -9. Suppose 0 = -h*m + 20, 22 = 5*n + 3*m - 115. What is the remainder when 97 is divided by n?
22
What is the remainder when 4/(-8)*(-2 - 20) is divided by 8?
3
What is the remainder when -1 + (-5)/(-2) + 162/4 is divided by 22?
20
Let m(w) = 2*w**3 - 2*w**2 - 3*w + 2. Let n be m(2). Let a = n - -13. Calculate the remainder when (22/(-6))/(7/(-63)) is divided by a.
16
Let j = -1 + 15. Let g = -61 + 42. Let h = g - -59. What is the remainder when h is divided by j?
12
Let q(z) be the first derivative of -6*z - 1 + 1/3*z**3 - 9/2*z**2. What is the remainder when 6 is divided by q(10)?
2
Let x = 27 + -13. What is the remainder when 26 is divided by x*(0/1 - -1)?
12
Suppose -5*p + 1 = -w - w, -p + 5*w - 9 = 0. Let a(d) = 11*d. Calculate the remainder when 32 is divided by a(p).
10
Let m = 6 - -2. Calculate the remainder when 10 is divided by m.
2
What is the remainder when 208/78*(66/4)/1 is divided by 15?
14
Let z be -21 - 0/(1 + -3). Calculate the remainder when 39/(-2)*28/z is divided by 2*(0 - 7)*-1.
12
Suppose -4*s +